mposite?
True
Is 9311451719 composite?
False
Is 3008863499 a prime number?
True
Is 5612989 prime?
False
Is 919812643 a prime number?
False
Is 51498871085 composite?
True
Is 89800882483 composite?
True
Is 9397477951 a composite number?
False
Is 742449624305 composite?
True
Is 1940009167 prime?
True
Is 85335389767 composite?
True
Is 103562989 prime?
True
Is 120573528967 composite?
True
Is 1626940253 a prime number?
False
Is 31451576029 a prime number?
True
Is 5271796597 prime?
False
Is 476455973 prime?
False
Is 39232341487 a prime number?
True
Is 8720435989 a composite number?
False
Is 1282462189 prime?
True
Is 1807863961 a composite number?
False
Is 1267886671 a composite number?
False
Is 6131615753 a composite number?
True
Is 47209502963 a prime number?
False
Is 165509706913 a composite number?
False
Is 1871626681 a composite number?
False
Is 384880003 prime?
True
Is 217298243 a prime number?
False
Is 24790568741 a composite number?
True
Is 111481907 a prime number?
False
Is 4505788249 a prime number?
True
Is 12476556647 a composite number?
True
Is 135523939 a prime number?
True
Is 17527914619 a composite number?
True
Is 4941811747 composite?
False
Is 67287974093 composite?
True
Is 5714671385 composite?
True
Is 18202595 a prime number?
False
Is 276381382289 prime?
True
Is 7135644001 a composite number?
False
Is 3368880179 prime?
False
Is 4595703563 a composite number?
True
Is 2382250603 a prime number?
True
Is 11518593737 a prime number?
False
Is 1963030873 prime?
False
Is 2270958271 a prime number?
False
Is 1048941755 a prime number?
False
Is 3603840641 prime?
True
Is 15076139263 prime?
False
Is 1802346267 a composite number?
True
Is 90723594827 composite?
False
Is 114842033153 prime?
False
Is 4125084793 composite?
False
Is 102411353843 composite?
False
Is 4824829631 prime?
False
Is 2010192141 composite?
True
Is 136299069749 a composite number?
False
Is 236617427 composite?
False
Is 6678468767 prime?
True
Is 1159754861 composite?
False
Is 1534898887 composite?
False
Is 39572612161 a prime number?
True
Is 11057957935 a composite number?
True
Is 50383274411 a prime number?
True
Is 4145149 a prime number?
False
Is 7838998247 a prime number?
True
Is 2163553 a composite number?
True
Is 20854593127 a prime number?
True
Is 4654999831 a composite number?
True
Is 145745116279 a composite number?
True
Is 63808271279 composite?
False
Is 23839859 a prime number?
False
Is 45999206717 a prime number?
True
Is 576747607 a prime number?
True
Is 5380514435 a composite number?
True
Is 33614719969 a prime number?
True
Is 5222697607 prime?
False
Is 2798372489 composite?
True
Is 383404753 prime?
False
Is 17752953319 prime?
False
Is 8264018551 a composite number?
False
Is 26831285953 composite?
True
Is 803479351 prime?
True
Is 4386599353 composite?
True
Is 18495172877 prime?
True
Is 36861949981 a prime number?
True
Is 221626499 a composite number?
True
Is 1142378213 prime?
False
Is 15516606113 a composite number?
True
Is 4188757289 a composite number?
True
Is 290015987 a composite number?
False
Is 640939543 composite?
True
Is 517586023 a prime number?
True
Is 2843952981 a prime number?
False
Is 2184257161 composite?
False
Is 81660611 prime?
True
Is 2494456873 a prime number?
True
Is 44768470147 a prime number?
False
Is 24322339997 a composite number?
False
Is 160646191067 a prime number?
True
Is 239573331493 prime?
True
Is 579790807 a prime number?
True
Is 255762913 composite?
True
Is 1927667869 a prime number?
True
Is 2057151923 composite?
False
Is 2383397087 a composite number?
True
Is 18622521394 prime?
False
Is 3229205953 prime?
True
Is 928814807 composite?
False
Is 27846856231 composite?
True
Is 7238814571 composite?
True
Is 87122586587 prime?
True
Is 80379762053 a composite number?
False
Is 43048559 prime?
True
Is 7226908498 a composite number?
True
Is 8497020541 a prime number?
True
Is 33160823593 a prime number?
True
Is 6633901159 a composite number?
True
Is 581039957 a composite number?
True
Is 646875451 composite?
False
Is 206137039 composite?
True
Is 756648177 prime?
False
Is 52324733621 prime?
True
Is 5637882802 composite?
True
Is 85307015995 prime?
False
Is 25203729823 prime?
False
Is 350275399 prime?
True
Is 1812001439 a prime number?
False
Is 1682281085 composite?
True
Is 2089429283 a composite number?
False
Is 1489521157 a prime number?
True
Is 222223471 a composite number?
False
Is 703959353 composite?
True
Is 618907163 a composite number?
True
Is 685117113 prime?
False
Is 1496011589 composite?
False
Is 1054748693 a prime number?
False
Is 11183762921 prime?
False
Is 83903759 prime?
True
Is 854171297 composite?
True
Is 4810434617 a prime number?
True
Is 314113187 composite?
True
Is 7179366637 prime?
False
Is 3984311469 composite?
True
Is 1560961733 prime?
False
Is 458044430245 a composite number?
True
Is 18547735309 a prime number?
False
Is 1535107627 prime?
False
Is 577763383 prime?
True
Is 158392363 prime?
True
Is 13841600923 composite?
True
Is 63807535583 composite?
True
Is 1731821951 composite?
False
Is 6118838431 a prime number?
False
Is 2199637787 composite?
False
Is 62982549863 a composite number?
False
Is 8460675247 composite?
True
Is 13113870971 a composite number?
True
Is 1417285337 prime?
False
Is 1953331519 composite?
False
Is 220837101 composite?
True
Is 112713001 composite?
False
Is 4672266061 a prime number?
True
Is 22431548707 a prime number?
True
Is 176696887 a prime number?
False
Is 715105585 a prime number?
False
Is 1244842511 a prime number?
False
Is 296196727 a composite number?
False
Is 15908969983 prime?
False
Is 134002254733 a prime number?
True
Is 804405215 composite?
True
Is 14535838663 prime?
False
Is 118188116659 prime?
False
Is 68639783 prime?
False
Is 1032059663 a prime number?
True
Is 472870933 a composite number?
False
Is 1326641194 composite?
True
Is 9870108763 composite?
False
Is 2522327681 composite?
True
Is 347784557 prime?
True
Is 108723893 composite?
True
Is 430822621 prime?
True
Is 21281742733 a composite number?
True
Is 25071115691 a composite number?
False
Is 6610130299 prime?
True
Is 20616919691 a composite number?
False
Is 1356216377 a prime number?
True
Is 6531814907 a composite number?
True
Is 37155343007 a prime number?
True
Is 1271717593 prime?
False
Is 1235416639 prime?
False
Is 61774120589 a prime number?
True
Is 6067786691 a composite number?
True
Is 127690681 a composite number?
True
Is 39600311273 a prime number?
False
Is 997874327 composite?
True
Is 12343820183 a composite number?
False
Is 3040052219 composite?
False
Is 370309777 composite?
True
Is 4418178027 a composite number?
True
Is 77641976221 composite?
True
Is 22594799629 a prime number?
True
Is 4747426277 a composite number?
True
Is 261475919 a prime number?
False
Is 33376586951 prime?
True
Is 20447428481 composite?
False
Is 1505532319 a prime number?
False
Is 136882779401 composite?
False
Is 197689307 a prime number?
True
Is 1570100261 composite?
True
Is 57731873 a composite number?
False
Is 43578113407 a composite number?
True
Is 152488589881 a composite number?
False
Is 2373147853 a prime number?
False
Is 867972997 prime?
False
Is 394279673 a prime number?
False
Is 5132650669 a prime number?
True
Is 98069170037 a prime number?
False
Is 2217420601 a composite number?
True
Is 54841901 prime?
True
Is 38189613811 a prime number?
True
Is 1114615783 prime?
False
Is 9392135345 prime?
False
Is 111051833 a prime number?
True
Is 8831234663 composite?
False
Is 212239759 a prime number?
True
Is 2224602703 prime?
True
Is 7833357218 prime?
False
Is 3844937038 a composite number?
True
Is 1990848687 a prime number?
False
Is 53447834593 a composite number?
False
Is 1133371787 a prime number?
True
Is 282143159 composite?
True
Is 8565518939 a composite number?
False
Is 35299788619 a prime number?
False
Is 11604663857 a prime number?
True
Is 441071987 a composite number?
True
Is 10225388353 composite?
True
Is 1355938009 a prime number?
True
Is 206086541 prime?
False
Is 9884848013 composite?
True
Is 1099411213 a prime number?
False
Is 16143507821 composite?
True
Is 333308113 a prime number?
True
Is 50114836619 prime?
True
Is 522343949 composite?
False
Is 2960829721 composite?
True
Is 418628117 a composite number?
False
Is 25560047294 composite?
True
Is